ive b(9).
-65
Let c(w) = 7*w**3 + 11*w**2 + 69*w + 141. Calculate c(-3).
-156
Let p(r) = 47283*r + 236453. Give p(-5).
38
Let z(y) = 3*y**3 + 3*y**2 + 122676*y - 245369. What is z(2)?
19
Let c(g) = -g**2 - 221*g - 7041. What is c(-39)?
57
Let q(t) = 9157*t + 73263. Calculate q(-8).
7
Let f(d) = -d**3 - 55*d**2 - 24*d - 4272. Determine f(-56).
208
Let s(r) = -r**3 - 59*r**2 - 204*r + 875. What is s(-55)?
-5
Let r(t) = 17*t**2 + 12*t + 3. Calculate r(5).
488
Let i(o) = 42300*o - 2622597. What is i(62)?
3
Let t(a) = -663832*a + 27217105. What is t(41)?
-7
Let r(j) = -13811*j + 14523. Give r(1).
712
Let y(n) = -130*n - 45502. What is y(-346)?
-522
Let c(n) = -4*n**3 - 62*n**2 - 2629*n - 42562. What is c(-16)?
14
Let t(a) = 23*a**3 + 4*a**2 - 1714*a - 5161. Give t(-3).
-604
Let z(k) = -k**2 + 44*k + 4606. Determine z(91).
329
Let y(t) = 24127*t + 217148. Calculate y(-9).
5
Let b(j) = 3*j**2 - 60*j - 493. Calculate b(-7).
74
Let t(j) = 641273*j + 32063656. What is t(-50)?
6
Let g(r) = -23537*r - 15510885. Calculate g(-659).
-2
Let k(g) = -9*g**2 + 184*g - 553. Determine k(13).
318
Let q(b) = 250*b + 56517. Calculate q(-226).
17
Let w(z) = -87150*z + 348675. Calculate w(4).
75
Let s(y) = -2*y**2 - 1263*y - 199220. Determine s(-325).
5
Let n(o) = o**3 - 27*o**2 - 475*o + 6458. What is n(10)?
8
Let o(h) = -14*h - 336. Give o(34).
-812
Let t(f) = 890*f**2 + 9788*f + 5. Give t(-11).
27
Let h(o) = o**2 - 849*o - 568898. What is h(1290)?
-8
Let j(t) = -104*t + 1864. What is j(18)?
-8
Let q(z) = 13*z**3 + 132*z**2 + 135*z + 22. Give q(-9).
22
Let z(n) = -20635*n + 82291. Give z(4).
-249
Let h(y) = y**3 + 67*y**2 - 749*y + 1630. Give h(-77).
13
Let y(m) = -66*m**2 + 291*m - 919. Give y(3).
-640
Let j(h) = h**3 - 17*h**2 + 24*h - 9307. Determine j(28).
-11
Let o(l) = 2*l**2 - 1304189*l + 9129224. Determine o(7).
-1
Let g(r) = 22*r**3 - 747*r**2 - 29*r + 5. Determine g(34).
175
Let b(c) = -2*c**2 + 87*c - 771. Determine b(48).
-1203
Let m(d) = 204728*d + 3685118. What is m(-18)?
14
Let j(y) = -y**2 + 497*y - 11801. What is j(472)?
-1
Let t(x) = -2732457*x - 2732445. Give t(-1).
12
Let c(o) = 5*o**2 + 655*o + 6038. What is c(-121)?
-12
Let z(w) = 3*w**3 - 48*w**2 + 171*w + 108. What is z(5)?
138
Let o(m) = 1714*m**3 + 8581*m**2 + 52*m - 23. Give o(-5).
-8
Let b(o) = o**2 + 186*o + 8574. Determine b(-90).
-66
Let l(b) = -b**2 + 201*b - 4365. Give l(27).
333
Let x(b) = -10*b**2 - 293*b + 14959. What is x(-56)?
7
Let x(v) = 566*v**2 - 2340*v + 9. What is x(4)?
-295
Let g(c) = 43*c**2 - 5*c - 634. Give g(0).
-634
Let w(u) = 294214*u + 53841158. Determine w(-183).
-4
Let a(d) = d**3 + 328*d**2 + 308*d - 6180. Calculate a(-327).
33
Let k(i) = i**3 + 65*i**2 + 145*i + 646. Give k(-63).
-551
Let q(a) = 426*a - 43339. What is q(102)?
113
Let z(x) = 6063*x - 1121606. What is z(185)?
49
Let o(x) = -2*x**3 + 500*x**2 + 505*x - 671. Give o(251).
82
Let h(m) = -2*m**2 + 603*m - 24686. Give h(48).
-350
Let q(a) = -912623*a - 1825239. Calculate q(-2).
7
Let f(b) = -559*b**2 + 105085*b + 1317. Calculate f(188).
1
Let f(v) = v**3 - 65*v**2 - 486*v + 14495. Calculate f(69).
5
Let k(x) = x**3 + 9778*x**2 + 39107*x + 42. Calculate k(-4).
-2
Let r(o) = -39730*o + 596097. Give r(15).
147
Let g(t) = 3*t**2 - 346*t + 1064. Calculate g(112).
-56
Let w(c) = 31865*c + 63461. Determine w(-2).
-269
Let h(k) = -19348*k - 212823. Determine h(-11).
5
Let q(d) = 5*d**3 + 70*d**2 + 6*d - 95. What is q(-14)?
-179
Let u(m) = 2*m**3 + 353*m**2 - 1642*m - 2310. Determine u(-181).
43
Let h(b) = -27455*b - 631320. Determine h(-23).
145
Let t(b) = 4*b**2 - 73*b + 39. Calculate t(19).
96
Let k(w) = -95*w**2 - 17765*w. What is k(-187)?
0
Let d(s) = -74*s**2 - 138*s + 9. Determine d(3).
-1071
Let b(h) = -h**2 - 28620*h - 886259. What is b(-31)?
0
Let g(s) = -s**2 - 364*s + 16598. Give g(41).
-7
Let v(t) = 15160*t - 303182. Give v(20).
18
Let z(v) = 57*v**2 + 1014*v + 101. Calculate z(-18).
317
Let u(z) = 113*z + 27316. Calculate u(-242).
-30
Let v(y) = 2*y**3 - 1918*y**2 - 25266*y - 5819. Determine v(972).
13
Let w(s) = -1449*s - 519087. Calculate w(-358).
-345
Let t(d) = -d**2 + 197*d + 299972. Determine t(-458).
-18
Let y(q) = 9*q**3 + 41*q**2 + 44*q + 263. What is y(-5)?
-57
Let n(w) = 14*w**3 - 74*w**2 + 120*w + 20. Give n(4).
212
Let v(j) = j**3 + 53*j**2 + 33*j + 4549. Determine v(-54).
-149
Let p(q) = -17*q**3 - 647*q**2 + 7146*q + 96. Determine p(-47).
2
Let i(f) = f**2 - 8658*f - 199653. Calculate i(-23).
10
Let z(t) = -118*t**3 - 252*t - 254. What is z(-1)?
116
Let v(f) = -8530*f + 50945. Determine v(6).
-235
Let a(s) = 6*s**2 + 16184*s - 358963. What is a(22)?
-11
Let d(h) = -h**3 + 75*h**2 - 108*h + 90636. Determine d(86).
-8
Let g(i) = -7*i**3 - 35*i**2 + 260*i - 670. Determine g(8).
-4414
Let y(f) = 10*f**3 + 9*f**2 - 4628*f + 309. Determine y(-22).
1
Let g(p) = 17*p**3 - 24*p**2 + 89*p + 158. Give g(-4).
-1670
Let p(i) = i**2 + 80*i - 12327. Calculate p(78).
-3
Let l(u) = 6599*u - 270590. Determine l(41).
-31
Let q(u) = 234*u**3 - 15*u + 14. Determine q(2).
1856
Let v(s) = -s**2 - 28*s + 38656. Calculate v(-212).
-352
Let y(r) = 196*r**2 - 3341*r - 99. Determine y(17).
-252
Let g(n) = -853*n + 2156. Determine g(2).
450
Let g(y) = 54*y**2 - 1026*y - 4098. Calculate g(-4).
870
Let q(s) = 9088*s + 81609. Calculate q(-9).
-183
Let x(k) = 55327*k - 34247410. What is x(619)?
3
Let i(f) = -f**3 + 34*f**2 + 5800*f + 331. Determine i(-61).
26
Let i(v) = -232767*v + 1396594. Determine i(6).
-8
Let l(m) = -m**2 + 1140*m + 29123. Calculate l(1165).
-2
Let i(a) = -a**3 + 44*a**2 - 79*a - 515. Give i(42).
-305
Let n(z) = z**2 - 321*z + 7234. Calculate n(21).
934
Let b(d) = -d**2 - 691*d - 40506. What is b(-64)?
-378
Let w(b) = 32039*b - 1185475. Determine w(37).
-32
Let n(i) = 602180*i + 9634858. Determine n(-16).
-22
Let g(j) = -11277*j - 3755275. Calculate g(-333).
-34
Let a(h) = 58*h**2 - 1743*h + 90. Determine a(30).
0
Let w(v) = 9*v**3 + 652*v**2 + 288*v + 40. Give w(-72).
40
Let t(y) = 15*y**3 + 22*y**2 - 18*y - 3. Give t(-4).
-539
Let i(y) = 2*y**3 - 12*y**2 - 286*y - 1234. Give i(-7).
-506
Let a(q) = -82805*q - 1407715. Calculate a(-17).
-30
Let h(b) = b**3 + 67*b**2 - 61*b - 49. Give h(-68).
-525
Let o(x) = -2*x**2 + 373*x + 1152. Calculate o(-3).
15
Let k(y) = -2073*y**2 - 41455*y + 112. Calculate k(-20).
12
Let t(q) = 2876*q - 77657. Give t(27).
-5
Let p(k) = -4705*k + 41631. Give p(9).
-714
Let k(l) = -l**2 - 247*l + 5904. Give k(22).
-14
Let c(n) = 648*n + 206711. Calculate c(-319).
-1
Let a(c) = -4*c**2 - 2984*c - 258401. Calculate a(-646).
-1
Let d(q) = 67*q**2 + 1112*q + 13. What is d(-16)?
-627
Let b(p) = -2*p**2 + 17010*p + 2104992. Give b(-122).
4
Let z(d) = -13*d**3 + 5*d**2 - 22*d - 64. What is z(5)?
-1674
Let i(o) = 104*o**2 - 3276*o + 13777. Calculate i(5).
-3
Let z(n) = 2*n**2 - 17383*n - 5860731. Give z(-325).
-6
Let x(p) = 4*p**3 - 397*p**2 + 284*p - 18334. Give x(99).
-19
Let n(x) = 18*x**2 + 1097*x - 33. Calculate n(-61).
28
Let i(z) = 548*z**2 + 110149*z + 199. What is i(-201)?
-2
Let b(f) = 128*f + 2688. Calculate b(-32).
-1408
Let b(l) = -260*l**2 + 1140*l - 3409. Give b(3).
-2329
Let u(a) = 22*a**2 + 183*a + 6. Determine u(-6).
-300
Let x(c) = -2*c**3 - 586*c**2 + 9224*c - 5040. Give x(-308).
-112
Let r(c) = -c**3 + 17*c**2 + 155*c - 1901. Give r(20).
-1
Let o(n) = 986*n + 580765. Determine o(-589).
11
Let j(z) = 4*z**3 - 60*z**2 - 49*z + 4. What is j(15)?
-731
Let z(g) = -g**3 + 314*g**2 - 2137*g - 1258. What is z(307)?
2426
Let z(y) = 23254*y + 69377. Give z(-3).
-385
Let y(o) = -o**3 - 7*o**2 - 1664*o - 6602. Give y(-4).
6
Let x(d) = -3*d**2 - 2015*d + 74180. Calculate x(35).
-20
Let m(r) = -10*r**2 + 39*r + 1299. Calculate m(-10).
-91
Let x(y) = 448*y - 76398. What is x(173)?
1106
Let n(a) = -915*a - 11922. Calculate n(-13).
-27
Let p(r) = -226622*r + 5665533. Give p(25).
-17
Let g(i) = 353*i**2 + 118607*i - 202. Give g(-336).
134
Let r(c) = 3969*c - 12144. Determine r(3).
-237
Let r(q) = -45*q**2 + 22711*q + 7060. Determine r(505).
-10
Let b(l) = -23*l**2 - 47*l + 173. Calculate b(4).
-383
Let g(r) = 82*r**2 - 12089*r - 6965. Calculate g(148).
-9
Let d(w) = -w**2 + 61955*w + 61955. Determine d(-1).
-1
Let v(p) = p**2 - 581*p + 4031. Calculate v(7).
13
Let z(r) = 